{"id":1761,"date":"2022-04-03T12:17:23","date_gmt":"2022-04-03T10:17:23","guid":{"rendered":"https:\/\/www.akademialektorov.sk\/?page_id=1761"},"modified":"2022-04-03T12:21:48","modified_gmt":"2022-04-03T10:21:48","slug":"trening-podnikanie-v-novom-niche-2","status":"publish","type":"page","link":"https:\/\/akademialektorov.sk\/index.php\/trening-podnikanie-v-novom-niche-2\/","title":{"rendered":"Tr\u00e9ning: Ako na podnikanie v novom niche"},"content":{"rendered":"\n<div class=\"wp-block-cover alignwide is-position-center-center\" style=\"min-height:375px;aspect-ratio:unset;\"><img loading=\"lazy\" decoding=\"async\" width=\"2560\" height=\"1817\" class=\"wp-block-cover__image-background wp-image-1314\" alt=\"\" src=\"https:\/\/www.akademialektorov.sk\/wp-content\/uploads\/2021\/11\/DSC02855-scaled.jpeg\" data-object-fit=\"cover\" srcset=\"https:\/\/akademialektorov.sk\/wp-content\/uploads\/2021\/11\/DSC02855-scaled.jpeg 2560w, https:\/\/akademialektorov.sk\/wp-content\/uploads\/2021\/11\/DSC02855-300x213.jpeg 300w, https:\/\/akademialektorov.sk\/wp-content\/uploads\/2021\/11\/DSC02855-1024x727.jpeg 1024w, https:\/\/akademialektorov.sk\/wp-content\/uploads\/2021\/11\/DSC02855-768x545.jpeg 768w, https:\/\/akademialektorov.sk\/wp-content\/uploads\/2021\/11\/DSC02855-1536x1090.jpeg 1536w, https:\/\/akademialektorov.sk\/wp-content\/uploads\/2021\/11\/DSC02855-2048x1454.jpeg 2048w, https:\/\/akademialektorov.sk\/wp-content\/uploads\/2021\/11\/DSC02855-600x426.jpeg 600w\" sizes=\"auto, (max-width: 2560px) 100vw, 2560px\" \/><div class=\"wp-block-cover__inner-container is-layout-flow wp-block-cover-is-layout-flow\">\n<p class=\"has-text-align-center has-black-color has-text-color\" style=\"font-size:60px;line-height:1.1\"><strong>Ako na podnikanie v novom niche<\/strong><\/p>\n\n\n\n<p class=\"has-text-align-center has-black-color has-text-color\" style=\"font-size:26px\">Tr\u00e9ning<\/p>\n\n\n\n<p class=\"has-text-align-center has-black-color has-text-color\" style=\"font-size:26px\">12.4.2022<\/p>\n\n\n\n<div class=\"wp-block-buttons col-12 col-md-4 mx-auto is-layout-flex wp-block-buttons-is-layout-flex\">\n<div class=\"wp-block-button has-custom-width wp-block-button__width-100 mx-auto is-style-fill\"><a class=\"wp-block-button__link has-black-color has-text-color has-background\" href=\"#registracia\" style=\"border-radius:9px;background-color:#e4b9aa\"><strong>Prihl\u00e1ste sa na tr\u00e9ning<\/strong><\/a><\/div>\n<\/div>\n<\/div><\/div>\n\n\n\n<div style=\"height:70px\" aria-hidden=\"true\" class=\"wp-block-spacer\"><\/div>\n\n\n\n<h3 class=\"has-text-align-center wp-block-heading\">T\u00fa\u017eite podnika\u0165 kvalitne a po svojom? <\/h3>\n\n\n\n<h3 class=\"has-text-align-center wp-block-heading\">Chcete pozmeni\u0165 svoj niche, alebo sa pusti\u0165 do \u00faplne nov\u00e9ho projektu?<\/h3>\n\n\n\n<h4 class=\"has-text-align-center wp-block-heading\">Ak \u00e1no, t\u00e1to udalos\u0165 je priamo pre v\u00e1s. \ud83d\ude0a<\/h4>\n\n\n\n<div style=\"height:60px\" aria-hidden=\"true\" class=\"wp-block-spacer\"><\/div>\n\n\n\n<div class=\"wp-block-columns is-layout-flex wp-container-core-columns-is-layout-9d6595d7 wp-block-columns-is-layout-flex\">\n<div class=\"wp-block-column is-layout-flow wp-block-column-is-layout-flow\">\n<div class=\"wp-block-image\"><figure class=\"aligncenter size-large is-resized\"><img loading=\"lazy\" decoding=\"async\" src=\"https:\/\/www.akademialektorov.sk\/wp-content\/uploads\/2021\/11\/Posty-kampan-2021-s-fotkami-a-vsetkym-1024x1024.jpg\" alt=\"\" class=\"wp-image-1358\" width=\"256\" height=\"256\" srcset=\"https:\/\/akademialektorov.sk\/wp-content\/uploads\/2021\/11\/Posty-kampan-2021-s-fotkami-a-vsetkym-1024x1024.jpg 1024w, https:\/\/akademialektorov.sk\/wp-content\/uploads\/2021\/11\/Posty-kampan-2021-s-fotkami-a-vsetkym-300x300.jpg 300w, https:\/\/akademialektorov.sk\/wp-content\/uploads\/2021\/11\/Posty-kampan-2021-s-fotkami-a-vsetkym-150x150.jpg 150w, https:\/\/akademialektorov.sk\/wp-content\/uploads\/2021\/11\/Posty-kampan-2021-s-fotkami-a-vsetkym-768x768.jpg 768w, https:\/\/akademialektorov.sk\/wp-content\/uploads\/2021\/11\/Posty-kampan-2021-s-fotkami-a-vsetkym-600x600.jpg 600w, https:\/\/akademialektorov.sk\/wp-content\/uploads\/2021\/11\/Posty-kampan-2021-s-fotkami-a-vsetkym-100x100.jpg 100w, https:\/\/akademialektorov.sk\/wp-content\/uploads\/2021\/11\/Posty-kampan-2021-s-fotkami-a-vsetkym.jpg 1080w\" sizes=\"auto, (max-width: 256px) 100vw, 256px\" \/><\/figure><\/div>\n<\/div>\n\n\n\n<div class=\"wp-block-column is-layout-flow wp-block-column-is-layout-flow\">\n<blockquote class=\"wp-block-quote is-style-large is-layout-flow wp-block-quote-is-layout-flow\"><p><\/p><p><em>Vol\u00e1m sa Kika a na jarnom tr\u00e9ningu s vami budem zdie\u013ea\u0165 3 najv\u00e4\u010d\u0161ie &#8222;aha&#8220; momenty a uvedomenia, ktor\u00e9 ma postretli v prvom roku podnikania v \u00faplne novom niche.<\/em><\/p><\/blockquote>\n\n\n\n<p><\/p>\n<\/div>\n<\/div>\n\n\n\n<div style=\"height:50px\" aria-hidden=\"true\" class=\"wp-block-spacer\"><\/div>\n\n\n\n<h4 class=\"wp-block-heading\">O \u010dom bude jarn\u00fd tr\u00e9ning?<\/h4>\n\n\n\n<ul class=\"wp-block-list\"><li>prezrad\u00edm v\u00e1m, ak\u00e9 chyby som urobila v prvom roku nov\u00e9ho podnikania a \u010do by som dnes urobila inak<\/li><li>dozviete sa, \u010domu sa vyhn\u00fa\u0165, ke\u010f sa p\u00fa\u0161\u0165ate do nov\u00fdch projektov<\/li><li>uk\u00e1\u017eem v\u00e1m, ak\u00e9 benefity m\u00e1 minimalizmus v podnikan\u00ed a pre\u010do sa oplat\u00ed tvori\u0165 menej, ale kvalitne<\/li><\/ul>\n\n\n\n<div style=\"height:50px\" aria-hidden=\"true\" class=\"wp-block-spacer\"><\/div>\n\n\n\n<h3 class=\"has-text-align-center wp-block-heading\" id=\"registracia\">\ud83d\ude80 Prihl\u00e1ste sa zadarmo u\u017e teraz \ud83d\ude80 <\/h3>\n\n\n\n<p class=\"has-text-align-center\">Zadajte svoj e-mail a 12.4. v\u00e1m pr\u00edde odkaz, na ktorom si budete m\u00f4c\u0165 pozrie\u0165 tr\u00e9ningov\u00e9 video a stiahnu\u0165 skvel\u00e9 doplnkov\u00e9 materi\u00e1ly. Tr\u00e9ning bude dostupn\u00fd do nedele 17.4.<\/p>\n\n\n\n<p class=\"has-text-align-center\">V utorok 12.4. pre v\u00e1s z\u00e1rove\u0148 budem k dispoz\u00edcii na <a href=\"https:\/\/www.instagram.com\/akademialektorov\/\" target=\"_blank\" rel=\"noreferrer noopener\">instagrame<\/a> cez s\u00fakromn\u00e9 spr\u00e1vy. Ak budete ma\u0165 chu\u0165 pokeca\u0165 o nie\u010dom, \u010do aktu\u00e1lne vo svojom podnikan\u00ed rie\u0161ite, s rados\u0165ou do toho. Te\u0161\u00edm sa!<\/p>\n\n\n\n<script>\n        (function (w,d,s,o,f,js,fjs) {\n            w['ecm-widget']=o;w[o] = w[o] || function () { (w[o].q = w[o].q || []).push(arguments) };\n            js = d.createElement(s), fjs = d.getElementsByTagName(s)[0];\n            js.id = '6-3fdfd544852ed7431aa64f3b9481afb9'; js.dataset.a = 'kristinauhnakova'; js.src = f; js.async = 1; fjs.parentNode.insertBefore(js, fjs);\n        }(window, document, 'script', 'ecmwidget', 'https:\/\/d70shl7vidtft.cloudfront.net\/widget.js'));\n    <\/script>\n            <div id=\"f-6-3fdfd544852ed7431aa64f3b9481afb9\"><\/div>\n\n\n\n<p><\/p>\n","protected":false},"excerpt":{"rendered":"<p>T\u00fa\u017eite podnika\u0165 kvalitne a po svojom? Chcete pozmeni\u0165 svoj niche, alebo sa pusti\u0165 do \u00faplne nov\u00e9ho projektu? Ak \u00e1no, t\u00e1to udalos\u0165 je priamo pre v\u00e1s. \ud83d\ude0a Vol\u00e1m sa Kika a na jarnom tr\u00e9ningu s vami budem zdie\u013ea\u0165 3 najv\u00e4\u010d\u0161ie &#8222;aha&#8220; momenty a uvedomenia, ktor\u00e9 ma postretli v prvom roku podnikania v \u00faplne novom niche. O [&hellip;]<\/p>\n","protected":false},"author":1,"featured_media":0,"parent":0,"menu_order":0,"comment_status":"closed","ping_status":"closed","template":"","meta":{"_et_pb_use_builder":"","_et_pb_old_content":"","_et_gb_content_width":"","footnotes":""},"class_list":["post-1761","page","type-page","status-publish","hentry"],"yoast_head":"<!-- This site is optimized with the Yoast SEO plugin v22.7 - https:\/\/yoast.com\/wordpress\/plugins\/seo\/ -->\n<title>Tr\u00e9ning: Ako na podnikanie v novom niche - Akad\u00e9mia lektorov<\/title>\n<meta name=\"description\" content=\"Chcete pozmeni\u0165 svoj niche, alebo sa pusti\u0165 do \u00faplne nov\u00e9ho projektu? Prihl\u00e1ste sa na tr\u00e9ning Ako na podnikanie v novom niche (12.4.2022).\" \/>\n<meta name=\"robots\" content=\"index, follow, max-snippet:-1, max-image-preview:large, max-video-preview:-1\" \/>\n<link rel=\"canonical\" href=\"https:\/\/akademialektorov.sk\/index.php\/trening-podnikanie-v-novom-niche-2\/\" \/>\n<meta property=\"og:locale\" content=\"sk_SK\" \/>\n<meta property=\"og:type\" content=\"article\" \/>\n<meta property=\"og:title\" content=\"Tr\u00e9ning: Ako na podnikanie v novom niche - Akad\u00e9mia lektorov\" \/>\n<meta property=\"og:description\" content=\"Chcete pozmeni\u0165 svoj niche, alebo sa pusti\u0165 do \u00faplne nov\u00e9ho projektu? Prihl\u00e1ste sa na tr\u00e9ning Ako na podnikanie v novom niche (12.4.2022).\" \/>\n<meta property=\"og:url\" content=\"https:\/\/akademialektorov.sk\/index.php\/trening-podnikanie-v-novom-niche-2\/\" \/>\n<meta property=\"og:site_name\" content=\"Akad\u00e9mia lektorov\" \/>\n<meta property=\"article:modified_time\" content=\"2022-04-03T10:21:48+00:00\" \/>\n<meta property=\"og:image\" content=\"https:\/\/www.akademialektorov.sk\/wp-content\/uploads\/2021\/11\/DSC02855-scaled.jpeg\" \/>\n<meta name=\"twitter:card\" content=\"summary_large_image\" \/>\n<meta name=\"twitter:label1\" content=\"Predpokladan\u00fd \u010das \u010d\u00edtania\" \/>\n\t<meta name=\"twitter:data1\" content=\"2 min\u00faty\" \/>\n<script type=\"application\/ld+json\" class=\"yoast-schema-graph\">{\"@context\":\"https:\/\/schema.org\",\"@graph\":[{\"@type\":\"WebPage\",\"@id\":\"https:\/\/akademialektorov.sk\/index.php\/trening-podnikanie-v-novom-niche-2\/\",\"url\":\"https:\/\/akademialektorov.sk\/index.php\/trening-podnikanie-v-novom-niche-2\/\",\"name\":\"Tr\u00e9ning: Ako na podnikanie v novom niche - Akad\u00e9mia lektorov\",\"isPartOf\":{\"@id\":\"https:\/\/akademialektorov.sk\/#website\"},\"primaryImageOfPage\":{\"@id\":\"https:\/\/akademialektorov.sk\/index.php\/trening-podnikanie-v-novom-niche-2\/#primaryimage\"},\"image\":{\"@id\":\"https:\/\/akademialektorov.sk\/index.php\/trening-podnikanie-v-novom-niche-2\/#primaryimage\"},\"thumbnailUrl\":\"https:\/\/www.akademialektorov.sk\/wp-content\/uploads\/2021\/11\/DSC02855-scaled.jpeg\",\"datePublished\":\"2022-04-03T10:17:23+00:00\",\"dateModified\":\"2022-04-03T10:21:48+00:00\",\"description\":\"Chcete pozmeni\u0165 svoj niche, alebo sa pusti\u0165 do \u00faplne nov\u00e9ho projektu? Prihl\u00e1ste sa na tr\u00e9ning Ako na podnikanie v novom niche (12.4.2022).\",\"breadcrumb\":{\"@id\":\"https:\/\/akademialektorov.sk\/index.php\/trening-podnikanie-v-novom-niche-2\/#breadcrumb\"},\"inLanguage\":\"sk-SK\",\"potentialAction\":[{\"@type\":\"ReadAction\",\"target\":[\"https:\/\/akademialektorov.sk\/index.php\/trening-podnikanie-v-novom-niche-2\/\"]}]},{\"@type\":\"ImageObject\",\"inLanguage\":\"sk-SK\",\"@id\":\"https:\/\/akademialektorov.sk\/index.php\/trening-podnikanie-v-novom-niche-2\/#primaryimage\",\"url\":\"https:\/\/www.akademialektorov.sk\/wp-content\/uploads\/2021\/11\/DSC02855-scaled.jpeg\",\"contentUrl\":\"https:\/\/www.akademialektorov.sk\/wp-content\/uploads\/2021\/11\/DSC02855-scaled.jpeg\"},{\"@type\":\"BreadcrumbList\",\"@id\":\"https:\/\/akademialektorov.sk\/index.php\/trening-podnikanie-v-novom-niche-2\/#breadcrumb\",\"itemListElement\":[{\"@type\":\"ListItem\",\"position\":1,\"name\":\"Domovsk\u00e1 str\u00e1nka\",\"item\":\"https:\/\/akademialektorov.sk\/\"},{\"@type\":\"ListItem\",\"position\":2,\"name\":\"Tr\u00e9ning: Ako na podnikanie v novom niche\"}]},{\"@type\":\"WebSite\",\"@id\":\"https:\/\/akademialektorov.sk\/#website\",\"url\":\"https:\/\/akademialektorov.sk\/\",\"name\":\"Akad\u00e9mia lektorov\",\"description\":\"\",\"potentialAction\":[{\"@type\":\"SearchAction\",\"target\":{\"@type\":\"EntryPoint\",\"urlTemplate\":\"https:\/\/akademialektorov.sk\/?s={search_term_string}\"},\"query-input\":\"required name=search_term_string\"}],\"inLanguage\":\"sk-SK\"}]}<\/script>\n<!-- \/ Yoast SEO plugin. -->","yoast_head_json":{"title":"Tr\u00e9ning: Ako na podnikanie v novom niche - Akad\u00e9mia lektorov","description":"Chcete pozmeni\u0165 svoj niche, alebo sa pusti\u0165 do \u00faplne nov\u00e9ho projektu? Prihl\u00e1ste sa na tr\u00e9ning Ako na podnikanie v novom niche (12.4.2022).","robots":{"index":"index","follow":"follow","max-snippet":"max-snippet:-1","max-image-preview":"max-image-preview:large","max-video-preview":"max-video-preview:-1"},"canonical":"https:\/\/akademialektorov.sk\/index.php\/trening-podnikanie-v-novom-niche-2\/","og_locale":"sk_SK","og_type":"article","og_title":"Tr\u00e9ning: Ako na podnikanie v novom niche - Akad\u00e9mia lektorov","og_description":"Chcete pozmeni\u0165 svoj niche, alebo sa pusti\u0165 do \u00faplne nov\u00e9ho projektu? Prihl\u00e1ste sa na tr\u00e9ning Ako na podnikanie v novom niche (12.4.2022).","og_url":"https:\/\/akademialektorov.sk\/index.php\/trening-podnikanie-v-novom-niche-2\/","og_site_name":"Akad\u00e9mia lektorov","article_modified_time":"2022-04-03T10:21:48+00:00","og_image":[{"url":"https:\/\/www.akademialektorov.sk\/wp-content\/uploads\/2021\/11\/DSC02855-scaled.jpeg"}],"twitter_card":"summary_large_image","twitter_misc":{"Predpokladan\u00fd \u010das \u010d\u00edtania":"2 min\u00faty"},"schema":{"@context":"https:\/\/schema.org","@graph":[{"@type":"WebPage","@id":"https:\/\/akademialektorov.sk\/index.php\/trening-podnikanie-v-novom-niche-2\/","url":"https:\/\/akademialektorov.sk\/index.php\/trening-podnikanie-v-novom-niche-2\/","name":"Tr\u00e9ning: Ako na podnikanie v novom niche - Akad\u00e9mia lektorov","isPartOf":{"@id":"https:\/\/akademialektorov.sk\/#website"},"primaryImageOfPage":{"@id":"https:\/\/akademialektorov.sk\/index.php\/trening-podnikanie-v-novom-niche-2\/#primaryimage"},"image":{"@id":"https:\/\/akademialektorov.sk\/index.php\/trening-podnikanie-v-novom-niche-2\/#primaryimage"},"thumbnailUrl":"https:\/\/www.akademialektorov.sk\/wp-content\/uploads\/2021\/11\/DSC02855-scaled.jpeg","datePublished":"2022-04-03T10:17:23+00:00","dateModified":"2022-04-03T10:21:48+00:00","description":"Chcete pozmeni\u0165 svoj niche, alebo sa pusti\u0165 do \u00faplne nov\u00e9ho projektu? Prihl\u00e1ste sa na tr\u00e9ning Ako na podnikanie v novom niche (12.4.2022).","breadcrumb":{"@id":"https:\/\/akademialektorov.sk\/index.php\/trening-podnikanie-v-novom-niche-2\/#breadcrumb"},"inLanguage":"sk-SK","potentialAction":[{"@type":"ReadAction","target":["https:\/\/akademialektorov.sk\/index.php\/trening-podnikanie-v-novom-niche-2\/"]}]},{"@type":"ImageObject","inLanguage":"sk-SK","@id":"https:\/\/akademialektorov.sk\/index.php\/trening-podnikanie-v-novom-niche-2\/#primaryimage","url":"https:\/\/www.akademialektorov.sk\/wp-content\/uploads\/2021\/11\/DSC02855-scaled.jpeg","contentUrl":"https:\/\/www.akademialektorov.sk\/wp-content\/uploads\/2021\/11\/DSC02855-scaled.jpeg"},{"@type":"BreadcrumbList","@id":"https:\/\/akademialektorov.sk\/index.php\/trening-podnikanie-v-novom-niche-2\/#breadcrumb","itemListElement":[{"@type":"ListItem","position":1,"name":"Domovsk\u00e1 str\u00e1nka","item":"https:\/\/akademialektorov.sk\/"},{"@type":"ListItem","position":2,"name":"Tr\u00e9ning: Ako na podnikanie v novom niche"}]},{"@type":"WebSite","@id":"https:\/\/akademialektorov.sk\/#website","url":"https:\/\/akademialektorov.sk\/","name":"Akad\u00e9mia lektorov","description":"","potentialAction":[{"@type":"SearchAction","target":{"@type":"EntryPoint","urlTemplate":"https:\/\/akademialektorov.sk\/?s={search_term_string}"},"query-input":"required name=search_term_string"}],"inLanguage":"sk-SK"}]}},"jetpack_sharing_enabled":true,"_links":{"self":[{"href":"https:\/\/akademialektorov.sk\/index.php\/wp-json\/wp\/v2\/pages\/1761","targetHints":{"allow":["GET"]}}],"collection":[{"href":"https:\/\/akademialektorov.sk\/index.php\/wp-json\/wp\/v2\/pages"}],"about":[{"href":"https:\/\/akademialektorov.sk\/index.php\/wp-json\/wp\/v2\/types\/page"}],"author":[{"embeddable":true,"href":"https:\/\/akademialektorov.sk\/index.php\/wp-json\/wp\/v2\/users\/1"}],"replies":[{"embeddable":true,"href":"https:\/\/akademialektorov.sk\/index.php\/wp-json\/wp\/v2\/comments?post=1761"}],"version-history":[{"count":11,"href":"https:\/\/akademialektorov.sk\/index.php\/wp-json\/wp\/v2\/pages\/1761\/revisions"}],"predecessor-version":[{"id":1775,"href":"https:\/\/akademialektorov.sk\/index.php\/wp-json\/wp\/v2\/pages\/1761\/revisions\/1775"}],"wp:attachment":[{"href":"https:\/\/akademialektorov.sk\/index.php\/wp-json\/wp\/v2\/media?parent=1761"}],"curies":[{"name":"wp","href":"https:\/\/api.w.org\/{rel}","templated":true}]}}